*k - 20. Suppose d*p - 12 = -p. What is the units digit of p?
2
Let a = 26 - 12. What is the tens digit of a?
1
Let i(z) = z**3 + 4*z**2 + z - 2. Let y be i(-3). Let s = 4 - y. Suppose s = -0*r + 4*r - 28. What is the units digit of r?
7
Let z(m) = 2*m**3 - 3*m**2 - m + 2. Let x be z(2). What is the tens digit of 3/x + 245/20?
1
Let i = -3 + 5. Suppose -i*t + 9 = t. Suppose m - t = 2. What is the units digit of m?
5
Let n(z) = 61*z**2 - 5*z - 11. What is the units digit of n(-2)?
3
Let j(h) = 4*h**2 + 8*h + 15. Let g be j(-6). Suppose -f + a = -48, 5*a + 29 - g = -2*f. What is the tens digit of f?
4
Let t be (2 + -1*4)*3. Let d = t - -17. What is the tens digit of d?
1
Let b(p) = 2*p**3 - 5*p**2 + 18*p - 21. Let n(z) = z**3 - 2*z**2 + 9*z - 11. Let r(y) = -6*b(y) + 11*n(y). What is the units digit of r(6)?
3
Suppose 30 = 4*u - x - x, 4*x + 4 = 0. Let t = u - 2. What is the units digit of (4/t)/(6/15)?
2
Suppose -3*j + 17 + 118 = 0. What is the tens digit of j?
4
Let q(b) = 46*b + 8. What is the units digit of q(3)?
6
Suppose -5*m + 44 = 4. Let g be (2 + -3)*-2 - -1. What is the tens digit of ((-42)/m)/(g/(-12))?
2
Let c(a) = -6*a**3 - 11*a**2 + 11*a - 56. Let h(m) = -m**3 - 2*m**2 + 2*m - 11. Let g(n) = 2*c(n) - 11*h(n). What is the units digit of g(0)?
9
Let f(g) = -11*g + 2. What is the tens digit of f(-4)?
4
What is the units digit of 0 - (-28 - 12/(-3))?
4
Let a be -8*(-6 + 4 - 15). Let l = a + -89. What is the tens digit of l?
4
Suppose l + 14 = -0*l - 4*y, 5*l - 2*y = 40. Let b = 11 - l. What is the units digit of b?
5
Suppose 8*p - 3*p = 15. Suppose 0*h - 6 = -p*h. Suppose -4*a = f + h, 0 = -4*f - 2*a - 0 + 6. What is the units digit of f?
2
Suppose 0 = -6*a + 3*a + 15. Suppose -4 = -x + a. What is the units digit of x?
9
Let a = 44 - 5. What is the units digit of a?
9
Let f be (-264)/(-10) - (-4)/(-10). Suppose -5*m - 2 = d, -3*d + 3*m + 4 + f = 0. What is the units digit of d?
8
Suppose y = 2*a - 3, 0 = 2*y - 2 - 8. Suppose -3*p + 87 = -5*l, 2*p = l + a*l + 53. What is the units digit of p?
4
Suppose 0 = -0*y + y - 10. What is the tens digit of y?
1
Let x = -1 + 1. Suppose -w - 3*z - 6 = -x, 0 = 5*z + 10. What is the units digit of (w/3)/3 - -1?
1
Suppose -2*a + a = -231. What is the hundreds digit of a?
2
Let n(h) be the third derivative of h**6/120 - h**5/60 - h**4/6 + h**3/6 + 3*h**2. Let d be n(-3). Let k = -8 - d. What is the units digit of k?
5
Suppose 2*g - 3*c = -0 + 6, -4*c - 8 = 0. Let l = -12 - -13. Suppose g = 2*m - 4, -2*m - l = -2*f + f. What is the units digit of f?
5
Let v = -3 - -23. Suppose -v = -3*t + 7. What is the units digit of t?
9
What is the tens digit of (-6*2)/(-2) - -386?
9
Let o = -280 - -422. What is the tens digit of o?
4
Suppose -2*r + 42 = 5*n - 30, 3*r - 4*n - 85 = 0. Suppose 2*g + 2*p - 42 = 0, -p - 8 - r = -2*g. What is the units digit of g?
0
Let z be (-24)/(-14) + (-2)/(-7). Suppose 0 = -z*g - r - 12, -g - g + 3*r - 20 = 0. Let p(q) = -q**3 - 8*q**2 - 10*q - 3. What is the units digit of p(g)?
8
Suppose 0 = -5*a - 3*o - 10, -3 = 3*a + 2*o + 4. Suppose -5*m - 4*d + 4 = -0, -d = -a. Let w = 4 - m. What is the units digit of w?
4
Suppose -5*x - 62 = -4*v + 86, 0 = 3*v - 5*x - 106. Let m = v + -13. What is the tens digit of m?
2
What is the units digit of 2/15 - 1*5032/(-60)?
4
What is the units digit of (-140)/(-4) - (6 - 0)/2?
2
Let y(p) = 3*p + 3. Let f(x) = -x**3 - 5*x**2 + 7*x + 8. Let z be f(-6). What is the units digit of y(z)?
9
Let z be (-2)/(6/9) - -3. Suppose -a + 32 = p + 2*a, -2*p - a + 39 = z. What is the units digit of p?
7
Let t(x) = x**2 + 2*x. Let v be t(-3). Let u = 10 + -5. Suppose u = 4*p - v. What is the units digit of p?
2
Suppose -37 = -g - 5*y - 0, -47 = -3*g + y. Let m = g + -13. What is the units digit of m?
4
Let i be (-1)/(-3) - (-2)/(-6). Suppose -3*u - 18 + 54 = i. What is the units digit of u?
2
Let a be (-2)/(-13) + (-219)/(-13). Let u = a - 4. Suppose 4*p - 3*t - u - 2 = 0, t = 3. What is the units digit of p?
6
What is the tens digit of -2 + 2 + (2 + 171 - -2)?
7
Suppose -u = -0*u - 7. Let q = u - -41. What is the tens digit of q?
4
Let l(h) = 8*h**2 + 13*h - 24. What is the hundreds digit of l(6)?
3
Suppose 4*m - 57 = 5*l - 492, 5*l + 4*m = 475. What is the tens digit of l?
9
Suppose i = 5*j + 9, 5*i + 30 + 25 = 5*j. Let p = i + 43. What is the tens digit of p?
2
Let m(b) = 2*b + 6*b - b + b - 1. Let t be m(4). Suppose -9 = 2*g - t. What is the units digit of g?
1
Suppose 30 = -5*t - 5*r, 0 = -2*r - 0 - 10. What is the tens digit of -6 + 39 - 4/t?
3
Suppose -13*g = -12*g - 99. What is the tens digit of g?
9
Let n = 64 - 29. What is the tens digit of n?
3
Let u = 13 - 24. Let o = -47 + 62. Let h = u + o. What is the units digit of h?
4
Let m(z) = 2*z - 7. Let r be m(6). Suppose -4*b - 4*t = -7*b - 14, 0 = 4*b - r*t + 17. Let n(p) = 6*p - 2. What is the units digit of n(b)?
0
Let j be (-40)/14*(-7)/2. Let z(a) = a + 9. What is the units digit of z(j)?
9
Let c(d) = d**3 + 4*d**2 - 4*d - 6. Let b = -9 - -5. What is the units digit of c(b)?
0
Suppose 11 = 4*a + 3. Suppose -a*o = -0*o + 12. Let p = o + 14. What is the units digit of p?
8
Let d = -63 - -133. What is the units digit of d?
0
Let h(s) = 3*s**2 + 17*s - 3. Let x(k) = -2*k**2 - 9*k + 2. Let m(u) = 3*h(u) + 5*x(u). Suppose 5*b - 20 = b. What is the units digit of m(b)?
6
Let o(a) = 2 + 0*a - 7*a**3 - a - 3. Let v be (-10)/8 + (-3)/(-12). What is the units digit of o(v)?
7
Suppose -122 = 4*r - 0*r - w, -2*w = -4. Let d be 2/10 + (-84)/r. Suppose 2*x - d*z - 30 = z, -12 = 3*z. What is the units digit of x?
7
Let c(a) = -2*a**2 - 10*a + 11. Suppose 0 = -r + 6*r, -f = 2*r - 4. Let v(z) = -z + 1. Let w(b) = f*v(b) - c(b). What is the tens digit of w(-5)?
1
Suppose b + 5*j - 34 = 0, b + 2*b = -3*j + 114. What is the units digit of b?
9
Let h(g) = -g**3 + g**2 + 6. Let f be h(0). Suppose f = 4*b - k - 2, -3*b = -5*k - 6. What is the units digit of b?
2
Suppose 5 - 49 = -2*q. Suppose 2*y = 3*b - q, -4 = -5*b - y + 24. What is the units digit of b/(-5)*(-5)/1?
6
Let o be 3/2*(-20)/(-6). Suppose 2*x + 4 + 0 = -2*s, 5*x + 4*s = -o. What is the units digit of x?
3
Suppose p + 4 = 0, 3*p + 920 = 3*s + s. What is the hundreds digit of s?
2
Suppose 0 = o + 5*u - 195, -5*u - 284 = -2*o + 91. What is the hundreds digit of o?
1
Let y(q) = q - 8. Let v be y(12). Suppose -v*l = 4*t - 16, 2*l + 1 = 2*t - 3. What is the units digit of l?
1
Let r = -23 - -47. What is the tens digit of r?
2
Suppose 3*z - 108 - 147 = 0. Suppose -34 + z = 3*b. What is the units digit of b?
7
Let n = -26 + 50. Suppose -4*c - 4*t + n = 0, -4*c + 2*c - 4*t = -22. What is the units digit of c?
1
Let r(y) = y - 13. Let f be r(7). Let j(m) be the second derivative of m**4/12 + 7*m**3/6 + 4*m**2 - m. What is the units digit of j(f)?
2
Let t = -31 - -161. What is the units digit of t?
0
Let u(d) = d - 2. Let v be u(4). Suppose 3*l - 18 = -3*p, p = -0 + 4. Suppose w - 5*n = -l, v*w + n + 2 = 3*w. What is the units digit of w?
3
Suppose 24 = -4*t - 4*s, 31 - 6 = -5*t - 4*s. Let z = t - -4. Suppose 1 = 4*a - z. What is the units digit of a?
1
Let p(q) = -q**2 + 5*q + 4. Let d be p(5). Suppose 0 = -t + d*t - 480. What is the tens digit of (1/(-2))/((-5)/t)?
1
Suppose 4*h = -0*h + 8. Suppose 29 = -3*p + 80. Suppose -4*n - i + p = -n, -n = -h*i - 8. What is the units digit of n?
6
Let j(p) be the second derivative of -4*p**3/3 - p**2 + 4*p. What is the tens digit of j(-6)?
4
Let p(q) = -4*q + 14. Let h(v) = v - 1. Let x(f) = -12*h(f) - p(f). Let o be (4/(-6))/(3/9). What is the tens digit of x(o)?
1
Let f be -2*1 + (4 - 0). Suppose -w + 6 - 2 = 0. Suppose w = -0*z + f*z. What is the units digit of z?
2
Suppose 17 = h - 20. Suppose -4*r - 139 = -5*u + h, 2*r - 182 = -5*u. What is the units digit of u?
6
Let i = -15 + 23. Let j(y) = y. Let u be j(0). Suppose u*g + i = g. What is the units digit of g?
8
Let n(w) = w**3 + 6*w**2 + 5*w + 6. Let m be n(-5). Let z be m/4*(-4)/(-3). What is the units digit of (-1)/((z/(-4))/1)?
2
Suppose 2*m + 2*u = 0, 5*m - 4*u - 13 = 5. Suppose -3*g = m*g. Suppose -4*r + 39 = 3*a - g*r, 5*a + r - 82 = 0. What is the units digit of a?
7
Suppose 3 = -3*k - 5*v, -4*k - v = -3 + 7. Let j be ((-8)/(-6))/((-2)/(-12)). Let h = k + j. What is 